 3.
-2
Calculate 8 - -5 - (-20 + (30 - 19)).
22
What is 9 + -2 + 4 + 12?
23
Evaluate (2 + 3 - -9) + (-70 - -58).
2
Evaluate (-28 - -26) + (3 - -4) + 9.
14
8 - (3 + -8 + -2 + 2 - -12)
1
What is the value of -15 + 17 - (-9 + 9)?
2
Calculate -1 + (-1 + (-5 - (6 + -6)) - -20).
13
What is the value of 41 + -34 + -8 - (0 - -1 - 7)?
5
9 + 4 + 8 + -11 + -3 + -28
-21
What is 5 - (40 + -24 + 13 + 0)?
-24
Calculate (7 - (8 + -2 - 5) - -11) + 1.
18
Evaluate -4 + 13 + 2 + -3.
8
Calculate 0 + -13 - (-18 + (16 - (-1 + 7))).
-5
(-6 - 2) + 24 + -65 + 30
-19
Evaluate (75 - 80) + (1 - 0 - 2).
-6
22 + (-34 - 1 - -38)
25
What is (6 - (14 + (-4 - (7 - 3)))) + -2?
-2
Calculate 1 + -5 + 26 + 2 + -4 + -2.
18
What is 10 - (6 + (8 - 13)) - 6?
3
What is the value of (10 - (38 + -16)) + 17?
5
Evaluate 0 + -8 + (-16 - -21).
-3
Calculate -39 + 2 - (-28 + -22 + 39).
-26
(-13 - -15 - -15) + -4
13
Evaluate -2 + -11 + 8 + 7.
2
Evaluate 7 + -6 - (136 - 109).
-26
What is the value of 0 + 4 + -5 + 1 - (2 - 5)?
3
Calculate -21 + -24 + (42 - -6).
3
What is (-13 - -16) + 3 + 9 + 1?
16
What is the value of (-4 + 2 - 20) + 0 - (-875 - -872)?
-19
Calculate -6 + -14 + (-1 - -16).
-5
Evaluate -1 + 27 - (-310 + 331).
5
Evaluate -3 + 1 + -155 + 143.
-14
What is the value of 22 + 3 - (-29 - -32)?
22
(167 - 155) + -7 + 3 + -3
5
Evaluate (-47 - -22 - -7) + 29.
11
What is -40 + 99 + -56 - (0 - 23)?
26
What is 2 + -7 + 1 + 30 + (7 - 9)?
24
What is the value of -5 + -5 + 1 + -7 + 11?
-5
Calculate 9 + 15 + (-75 - -32).
-19
What is the value of -6 - (-32 - (-3 + -12))?
11
0 + 10 + -4 - 27
-21
-13 - (-5 - (-11 + (15 - 7) - 9))
-20
0 + (-22 - -2) + 20
0
What is the value of (8 - (-4 + 7)) + 7?
12
What is (-6 + -1 - (-39 + 23)) + (56 - 43)?
22
Evaluate 0 - (-8 - -4) - (2 - (-3 + 3)).
2
7 - 10 - -18 - (-9 - -7)
17
Evaluate -9 - ((1 - 1) + -4 + 26 + -37).
6
What is -1 + -12 - (-26 + (4 - 0))?
9
Calculate 9 + -5 - -3 - 14.
-7
-2 + 25 - (302 - 303)
24
19 + 2 + 5 + 5 + (-9 - 2)
20
What is the value of (-36 + 33 - -11) + -14?
-6
Calculate 14 + 0 - ((-26 - -1) + 26).
13
What is the value of 0 - 15 - ((-15 - (-9 + -3)) + -1)?
-11
-7 + (9 - 12) - -27
17
-4 - (-4 - -17 - 53 - (-4 + -7))
25
Evaluate -1 + 11 - 2 - (7 - 22 - -33).
-10
What is the value of (2 - (0 + -1)) + -1 + (168 - 162)?
8
What is the value of -14 - (-16 + (4 - -7) + (5 - 1))?
-13
-12 + (10 - (-6 - -6))
-2
What is the value of -13 - -20 - (5 - (-5 + 8))?
5
Evaluate -10 + (1 - 9 - 32 - -17).
-33
12 - (10 + (17 - 10))
-5
Evaluate 228 + -226 - (5 - -6).
-9
What is (5 - 3) + 1 + 12 + -80 + 54?
-11
Calculate -10 + (17 - (17 + -11)) + -17.
-16
What is 9 + 36 - (-31 - -69)?
7
What is the value of (7 - -2 - (3 - -4)) + -4?
-2
-1 + 0 + 7 - (-1452 - -1448)
10
-4 - (11 + (-6 - -2)) - (-9 - -6)
-8
13 - -2 - (1 + -12 + 16)
10
What is (7 - -3) + (30 - 50)?
-10
Evaluate 6 - ((-1 - -6) + -7 + (-14 - -23)).
-1
What is the value of 6 - (3 - ((6 - (5 - -1)) + 6))?
9
Calculate 3 + -7 + -2 + 21 - (-4 - -9).
10
Calculate -14 - (-40 - -22 - (-2 - 16)).
-14
Calculate 0 + -1 + (-2 - 0) - (71 - 74).
0
What is 7 + -6 + 8 + (11 - 3) + -3?
14
Calculate -16 - 2 - ((2 - -8) + -15).
-13
What is 17 - (6 + (7 - (10 + -8)) - 2)?
8
Evaluate 7 + (0 + -11 - -9 - 6).
-1
-117 + 114 - (-1 - 4)
2
Evaluate (-41 - -32) + 30 - 55.
-34
17 - 20 - -5 - (-1 - -11)
-8
Calculate 2 + 0 + (3 - -20) - (11 + -8).
22
What is 21 + (-19 - -31) + -18?
15
Calculate 26 - (18 - 6) - -2.
16
Evaluate -3 + 0 + 7 + -8 + 6.
2
Calculate -5 - (-7 - (-14 - -5)).
-7
Calculate 3 + (6 - 4) + 13 + -22.
-4
Calculate -20 - (9 + -22 + 5).
-12
47 + -30 + 12 - 4
25
Calculate (-28 - -13) + 22 - (1 - (-2 - -5)).
9
Evaluate 10 + (2 - 13 - -17).
16
What is (-2 - 1) + -10 + 13 - -11?
11
Calculate 2 - (10 + -4 - -17).
-21
What is -7 + 0 - ((246 - 246) + (1 - 9))?
1
Evaluate -15 + 36 + -14 + -4.
3
76 + -88 - (1 + (-1 - 2))
-10
112 + -107 - ((18 - -1 - 4) + 2)
-12
What is the value of 3 - (3 - (-7 + 10 + -11 + 0))?
-8
What is (1 + -2 - -15) + (-13 - -7 - -5)?
13
What is the value of 3 - -9 - -1 - (7 + 19)?
-13
Calculate 1 + (-6 - -6) - -11.
12
What is the value of 7 + -3 + (12 - (-1 + 6))?
11
What is the value of -3 + 4 + -14 + 29 - -13?
29
What is 2 + -4 - (-1 + -12 + 6 - -13)?
-8
What is the value of 10 - -3 - -6 - (-1 + 8 - -1)?
11
What is the value of 19 - (45 + -4 + -9)?
-13
Evaluate -27 - (-12 + (-6 - -2)).
-11
-10 + (-7 - (-15 - 18)) - (-1 - -10)
7
What is -56 - -48 - (23 + -2)?
-29
What is 9 - (11 - (18 + -9 + 5))?
12
(-9 - (3 + (1 - 8))) + -23 + -2
-30
Evaluate -32 - (0 - 14 - 3).
-15
Calculate -1 - (-1 + 0 + 11).
-11
What is -117 + 110 + (-27 - (-6 + 3 - -2))?
-33
(7 - 3) + 1 + (-9 - 2) - -1
-5
Evaluate (9 - 13) + (-22 - -10 - 3).
-19
Calculate -53 + -2 + 304 + -279.
-30
(-8 - 0) + (10 - (7 - 12 - 4))
11
Evaluate -5 + 39 - 33 - (-2 - 0 - 5).
8
What is -7611 + 7610 - (-1 + 1 + 11)?
-12
Evaluate 511 + -497 + -24 + 2 + 1.
-7
Evaluate -97 - -98 - (0 + 2 - (5 - 35)).
-31
What is the value of 0 + -3 + (12 - 9) + 5?
5
12 + (-59 - -57) + 7 + 1 + -4
14
What is -8 + (-1 + -2 + -5 - (-9 + 11))?
-18
(-10 - (1 + 1)) + -3 + 5 + -11
-21
What is the value of 0 + 10 + -4 + (1 - 29)?
-22
What is the value of (6 - (-7 + 18)) + (0 - (-4 + 8))?
-9
What is the value of (-7 - -22) + (-5 + -1 - (-169 + 167))?
11
Evaluate -3 + -7 - (-10 - 17).
17
Evaluate -5 - (8 + 8 + -8 - 4).
-9
9 - (-7 - (2 + -4 + -26))
-12
What is the value of (-26 - (-3 + 2 + -2)) + (25 - 17)?
-15
-1 - ((-1 - -2) + -1 + (-68 - -57))
10
Evaluate 8 - (15 + 14 + -20).
-1
Evaluate (-3 - ((5 - 2) + (-3 - 3))) + -8.
-8
15 + 0 + -17 + 8
6
What is 4 + (4 - 1) + 2 + -8?
1
What is -5 + (16 - (-25 - 6) - (0 - -7))?
35
8 + -1 + (-49 - (13 - 61))
6
Evaluate 13 + -14 + 1 - 1.
-1
(-38 - -27) + -21 + -1 + 12
-21
Calculate 0 - (-1 + (0 - (-8 + 1)) - 2).
-4
2 + (11 + -5 - 3) - (-7 + 9)
3
Calculate -54 + 90 + -43 - (1 + -1 + -4).
-3
Calculate -13 + 7 - -12 - -5.
11
(32 + 6 - 63) + 55
30
Evaluate 33 - (9 + (-10 - -9) + 0).
25
-14 - (-24 - -16) - (0 + 6)
-12
Evaluate (-34 - -52) + -8 + (0 - 0).
10
Calculate -3 - (6 + 5 + -8) - -8.
2
-21 + 16 - -15 - -3
13
What is 13 + 9 + (6 + -7 - 3)?
18
Evaluate 1 + (16 + -7 - (13 - 5) - 1).
1
Evaluate (-2 - -15) + -15 + -12 + 16.
2
What is -22 + 1 + -24 + 24?
-21
Evaluate -4 + 3 + 0 + 5 - (21 + -13).
-4
What is the value of 4 - (3 + 0 + (12 - (1 + -4)))?
-14
Calculate 3 + -2 + -7 + -37 + 24.
-19
160 + -149 + (-9 - 2 - -2)
2
-3 - (-6 - (-3 - -3)) - (7 - 0)
-4
-5 + -2 + -1 + (-4 - -2) + 5
-5
Calculate 17 + 2 + 41 + -79.
-19
What is the value of -5 - (4 - 1) - 1 - (2 - 2)?
-9
-17 - (-16 + (0 - (-13 - -5)))
-9
Calculate 10 - (-6 - ((-13 - -11) + 0)).
14
Evaluate -6 - (0 + 1 + -18 - (3 - 8)).
6
What is the value of -13 + -11 + 21 - -9 - (-27 - 3)?
36
What is the value of -1 - (0 + (5 - 1)) - (-14 - -21)?
-12
What is the value of 20 + 29 + 0 + -30?
19
What is the value of 6 + -2 - (-9 + 18) - (28 + -18)?
-15
What is (7 - 26) + 0 + 27?
8
Calculate (-8 - -3 - (117 - 107)) + -10.
-25
Calculate -1 + -25 + 48 + (1 - 33).
-10
Calculate 0 + 11 + -127 + 116 + 9.
9
Evaluate -4 - -2 - (-5 - 0 - (66 + -72)).
-3
Calculate -1 + -6 + 2 + (-8 - (-22 + 15)).
-6
What is the value of 2 + -10 + 3 + 10?
5
Evaluate (-6 - (2 - 4) - 3) + (53 - 45).
1
Calculate 2 + (17 - 3) - (2 - 8 - -5).
17
What is 0 + 10 - (178 + -161)?
-7
(-32 - (-45 + 14)) + -7 + 0
-8
-13 + 3 + -3 + -1 + 4
-10
Evaluate 4 - (-12 - -5 - (-5 + 1)).
7
What is ((-32 - -24) + 3 - (-6 + -1)) + 7?
9
Evaluate 18 - (-12 + 19) - (-2 + -3 + -3).
19
What is the value of 3 - 0 - ((-4 - 3) + (32 - 17))?
-5
What is (-8 - (6 + -14) - 2) + (0 - 8)?
-10
What is 5 - (-5 + 10 + -4)?
4
Evaluate (-18 - -20) + (-11 - 0) - (-13 + 0).
4
Calculate 0 - 7 - (11 + -6 + -8).
-4
22 + (-7 - (5 + 7))
3
Calculate (-1 - (-1 - 2)) + 3 + 5.
10
What is (3 - 0) + 7 - (-20 - -13)?
17
Calculate -7 - (-1 - 0) - (69 - 47 - 34).
6
What is (3 - -11) + -40 + 12 + 44?
30
Calculate 18 - (5 + (-12 + 23 - 16)).
18
What is 1 + 1 - (10 + (5 - -2)) - -4?
-11
Calculate -3 - (-9 + -3) - (3 + -9 + 1).
14
What is the value of (40 - 26 - (38 + -5)) + 7?
-12
Calculate -53 + 74 + -44 + 0.
-23
Evaluate 11 + (-7 + 3 - 0) + (14 - 10).
11
What is the value of 23 - (8 + (-15 - -33)) - (0 - -4)?
-7
What is the value of 5 - (0 - 2) - (-527 - -534)?
0
Evaluate -14 + -5 + 29 + -7